y(a) = -a**3 - 38*a**2 + 37*a - 47. Give y(-39).
31
Let a(n) = -2*n**2 - n - 8. Calculate a(0).
-8
Let m(l) = l**3 + 2. What is m(-2)?
-6
Let r(m) = 9*m - 1. Determine r(-1).
-10
Let m(h) = -h + 21. What is m(23)?
-2
Let i(j) = -4*j - 14. What is i(-12)?
34
Let y(s) = s - 6. Determine y(14).
8
Let f(c) = 9*c - 12. Determine f(4).
24
Let g(p) = -p**3 - 3*p**2 + p. Give g(-5).
45
Let n(h) = 2*h**2 + 57*h + 90. What is n(-27)?
9
Let v(r) = r**3 - 6*r**2 - 38*r - 24. Calculate v(10).
-4
Let d(m) = -5*m. Calculate d(1).
-5
Let s(w) = 2*w**2 + 20*w + 4. What is s(-9)?
-14
Let t(n) = n + 79. Determine t(-28).
51
Let u(q) = 3*q**3 - 31*q**2 + 10*q - 3. Determine u(10).
-3
Let f(m) = m**3 - 7*m**2 - 11*m + 14. What is f(8)?
-10
Let o(p) = p**2 - 5*p - 5. What is o(4)?
-9
Let x(v) = v**3 + 3*v**2 + 3*v - 3. Determine x(-3).
-12
Let m(d) = -d**2 - 10*d + 3. Calculate m(-7).
24
Let r(v) = 2*v**2 - 10*v + 4. Give r(4).
-4
Let z(o) = -41*o**3 + 2*o**2 + o. What is z(-1)?
42
Let z(m) = -4*m**2 - m + 3. What is z(-3)?
-30
Let k(w) = w - 13. Determine k(10).
-3
Let z(i) = 6*i + 218. Determine z(-38).
-10
Let n(y) = 6*y**3 - 6*y**2 + 3*y - 3. Give n(2).
27
Let j(n) = -27*n**2 - 7*n + 8. Determine j(1).
-26
Let d(l) = -l**3 - 8*l**2 + 21*l + 24. Calculate d(-10).
14
Let p(v) = -6*v**2 + 2*v + 49. Give p(-3).
-11
Let z(x) = -x**3 - 17*x**2 - 17*x - 24. Determine z(-16).
-8
Let b(t) = t**3 - 9*t**2 + 16*t + 7. Calculate b(5).
-13
Let d(i) = -i**3 + 2*i - 8. What is d(-3)?
13
Let k(m) = -2*m**2 - 36*m - 9. Determine k(-17).
25
Let b(r) = 2*r**2 - 31*r + 18. What is b(15)?
3
Let o(s) = s**3 + 14*s**2 + 3*s + 33. Determine o(-14).
-9
Let r(o) = -2*o**2 + 7*o + 22. Give r(8).
-50
Let l(j) = -15*j - 214. Calculate l(-15).
11
Let u(c) = c**2 - 7*c - 3. Give u(-4).
41
Let p(t) = -t**3 + 5*t**2 + 8*t + 4. Determine p(7).
-38
Let c(b) = b**3 - 7*b**2 + 2*b - 4. Give c(6).
-28
Let d(u) = -2*u**2 - 29*u. Calculate d(0).
0
Let l(f) = -f**3 - 5*f**2 + 87*f - 2. What is l(7)?
19
Let u(t) = -2*t**3 + 6*t**2 - 3*t. Calculate u(2).
2
Let n(m) = -m**2 + 15*m - 13. Determine n(5).
37
Let p(s) = s**2 + s - 32. Give p(5).
-2
Let t(k) = -72*k**2 + 362*k - 3. Give t(5).
7
Let f(l) = -2*l**2 - 43*l - 67. Give f(-20).
-7
Let c(m) = -3*m**2 - 7*m. Give c(-3).
-6
Let g(h) = -h**3 - h**2 - 2*h - 4. Give g(-2).
4
Let d(i) = -i**3 - 7*i**2 - 5*i - 6. Give d(-6).
-12
Let i(l) = l**3 - 5*l**2 - 7*l + 5. What is i(5)?
-30
Let b(q) = -q - 28. What is b(-12)?
-16
Let r(z) = z + 16. Determine r(-15).
1
Let j(w) = -3*w + 34. What is j(10)?
4
Let j(h) = -35*h**2 + 5*h - 5. Give j(1).
-35
Let h(r) = r**3 + 23*r**2 - 49*r - 4. Calculate h(-25).
-29
Let z(s) = -42*s - 5. Determine z(-4).
163
Let i(j) = -j**3 + 5*j**2 - 3*j - 4. Give i(4).
0
Let a(b) = -2*b - 38. What is a(-19)?
0
Let s(i) = -i**2 - 10*i + 8. Calculate s(-8).
24
Let b(i) = 3*i - 14. Give b(-18).
-68
Let p(i) = 9*i - 8. Give p(10).
82
Let s(v) = -18*v - 47. Determine s(-3).
7
Let v(b) = 24*b**2 + 3*b. Calculate v(-2).
90
Let l(y) = -4*y - 48. Calculate l(-11).
-4
Let u(n) = -34*n**2. What is u(-1)?
-34
Let a(c) = -3*c - 6. Calculate a(8).
-30
Let g(r) = -14*r**2 + 2*r + 7. Determine g(-3).
-125
Let c(x) = -4*x - 3. Calculate c(6).
-27
Let z(x) = 12*x + 2. Determine z(-3).
-34
Let p(b) = 23*b + 625. Give p(-27).
4
Let s(m) = -4*m**2 - 12*m - 6. Determine s(-7).
-118
Let c(m) = m**3 - 9*m**2 + 10*m + 2. Calculate c(7).
-26
Let v(m) = -m**2 + 14*m + 12. Determine v(15).
-3
Let b(w) = w**2 - 11*w + 18. What is b(8)?
-6
Let w(f) = 2*f - 11. Determine w(6).
1
Let x(f) = -2*f**2 - 35*f - 13. Give x(-12).
119
Let c(k) = 33*k**2 + 2*k - 2. Calculate c(-2).
126
Let m(x) = 11*x + 17. Calculate m(5).
72
Let x(p) = p**3 + 6*p**2 - 7*p - 17. What is x(-7)?
-17
Let q(t) = -2*t**2 - 2*t + 7. What is q(5)?
-53
Let a(j) = -j**2 + 58*j + 128. Give a(60).
8
Let y(s) = 3*s**2 + 8*s - 6. Determine y(-4).
10
Let m(o) = -o - 28. Calculate m(0).
-28
Let f(s) = 3*s**2 + 28*s + 2. Calculate f(-9).
-7
Let h(w) = 7*w - 45. Calculate h(13).
46
Let j(f) = -f**2 + 7*f + 13. Give j(8).
5
Let w(g) = -g**2 - 11*g + 26. Determine w(-13).
0
Let q(o) = -3*o + 1. What is q(1)?
-2
Let k(x) = -x**2 - 13*x - 16. Calculate k(-8).
24
Let l(w) = -3*w**3 - 80*w**2 + 25*w - 64. Calculate l(-27).
-10
Let p(h) = h**2 + 2*h - 12. Determine p(-3).
-9
Let i(l) = l - 5. What is i(2)?
-3
Let k(s) = 22*s + 206. Calculate k(-10).
-14
Let g(o) = -o**3 - 2*o**2 + 6. Determine g(0).
6
Let b(y) = 4*y**2 + 73*y + 13. Determine b(-18).
-5
Let r(b) = -b**2 + 13*b + 31. Determine r(13).
31
Let j(v) = -v**3 + 12*v**2 - 13*v + 33. Calculate j(11).
11
Let n(q) = -5*q + 2. Give n(1).
-3
Let v(y) = 43*y - 258. Determine v(6).
0
Let b(g) = 3*g**2 + 4*g. Determine b(3).
39
Let p(l) = 2*l + 36. Give p(12).
60
Let r(l) = -2*l**2 - 13*l + 64. Calculate r(4).
-20
Let b(x) = 2*x**2 + 23*x. Calculate b(-12).
12
Let y(w) = -4*w**2 - 15*w + 8. Give y(-9).
-181
Let g(w) = 4*w**2 - 2*w + 1. Determine g(1).
3
Let p(w) = -w**2 - 2*w - 1. Calculate p(-5).
-16
Let s(w) = 8*w - 122. Calculate s(14).
-10
Let g(f) = -3*f - 70. Give g(32).
-166
Let q(v) = 8*v + 43. Calculate q(-5).
3
Let a(x) = x**2 - 16*x - 97. Calculate a(21).
8
Let p(o) = -2*o**2 + 12*o - 15. Give p(6).
-15
Let n(q) = q**2 + 26*q + 171. Give n(-15).
6
Let h(u) = -u**3 - 9*u**2 + 6*u - 38. Determine h(-10).
2
Let a(f) = -f**3 - 3*f**2 - 6. Give a(-3).
-6
Let t(r) = -2*r**3 - r**2 + 3*r - 4. Give t(-4).
96
Let q(x) = -7*x**2 + 82*x + 19. What is q(12)?
-5
Let u(s) = s**3 + 8*s**2 + 9*s + 3. What is u(-7)?
-11
Let v(w) = -38*w + 223. Determine v(6).
-5
Let j(y) = -2*y**2 - 4*y - 5. Give j(4).
-53
Let h(j) = -4*j + 15. What is h(8)?
-17
Let l(q) = 4*q + 115. Give l(-33).
-17
Let f(q) = 3*q - 20. Calculate f(5).
-5
Let r(w) = -4*w**2 + 2*w + 5. What is r(-1)?
-1
Let x(y) = -y**3 - 7*y**2 + 7. What is x(-7)?
7
Let s(o) = o**3 - 12*o**2 + 10*o + 9. Calculate s(12).
129
Let j(v) = -v + 8. Determine j(5).
3
Let o(t) = t**3 - 5*t**2 - 2*t - 5. What is o(7)?
79
Let r(w) = w**3 - 5*w**2 - 22*w - 14. What is r(8)?
2
Let u(r) = -2*r**2 + 23*r - 34. What is u(10)?
-4
Let g(s) = -3*s - 8. Calculate g(2).
-14
Let d(m) = m**2 + 17*m + 62. Determine d(-7).
-8
Let n(q) = -39*q - 437. Calculate n(-11).
-8
Let p(a) = a**2 - 4*a - 10. What is p(6)?
2
Let z(t) = 2*t**2 + 3*t - 7. What is z(5)?
58
Let h(q) = -q**2 + 6*q + 4. Calculate h(8).
-12
Let z(k) = k**3 - k**2 + 55. Determine z(0).
55
Let j(m) = 9*m + 9. Give j(-6).
-45
Let v(n) = -4*n**2 - 90*n - 54. Calculate v(-22).
-10
Let l(v) = -v**3 + 9*v**2 + 4*v + 43. Give l(10).
-17
Let x(f) = -2*f - 46. Give x(-16).
-14
Let o(y) = -2*y + 6. Determine o(-9).
24
Let c(t) = -10*t + 4. What is c(-1)?
14
Let a(f) = -f**2 - 6*f + 15. Determine a(-6).
15
Let t(o) = o. Give t(-3).
-3
Let q(k) = 2*k**3 - 2*k**2 - 6*k - 3. What is q(-1)?
-1
Let l(v) = -3*v**2 - 2*v - 3. Calculate l(-4).
-43
Let y(m) = -3*m**2 - 115*m + 57. Give y(-39).
-21
Let v(l) = -l**2 + 33. Give v(-8).
-31
Let d(l) = -2*l**3 + 8*l**2 + 1. Determine d(4).
1
Let c(r) = r**2 - 9*r - 7. Calculate c(6).
-25
Let v(k) = -8*k + 2. Give v(1).
-6
Let x(w) = -w**3 + 17*w**2 - 30*w - 20. Calculate x(15).
-20
Let s(w) = 2*w**2 + 3*w - 8. What is s(-7)?
69
Let b(l) = l**3 + 6*l**2 - 42*l - 19. What is b(-10)?
1
Let t(y) = -2*y**2 - 3*y - 2. Give t(-3).
-11
Let z(w) = -w**2 - 40*w - 385. Determine z(-23).
6
Let x(z) = -2*z - 22. What is x(-7)?
-8
Let j(y) = y**3 + 8*y**2 + 14*y + 53. Give j(-7).
4
Let g(v) = v**2 + 4*v + 1. Give g(-5).
6
Let g(z) = -2*z - 23. Determine g(-6).
-11
Let j(o) = o**2 - 11*o + 20. Calculate j(8).
-4
Let f(w) = 2*w**3 - 40*w**2 + 39*w - 26. Give f(19).
-7
Let k(q) = -q**2 + 20*q + 6. Determine k(21).
-15
Let k(p) = 10*p**2 - 92*p + 14. Determine k(9).
-4
Let w(j) = -70*j - 418. Give w(-6).
2
Let l(s) = -s**3 + 14*s**2 - 47*s + 11. Calculate l(5).
1
Let z(g) = g**3 + 10*g**2 + 8*g - 6. Determine z(-9).
3
Let r(f) = -f**2 - 5*f - 8. Determine r(-2).
-2
Let u(t) = -2*t**3 - 2*t**2 - t + 7. Give u(-4).
107
Let o(y) = y**2 - 9*y - 12. Calculate o(5).
-32
Let d(f) = -2*f - 32. Determine d(-14).
-4
Let t(k) = 89*k + 14. Give t(-2).
-164
Let p(w) = -w**2 + 5*w + 9. Give p(-2).
-5
Let k(x) = 40*x + 2. What is k(-1)?
-38
Let w(s) = s**2 + 10*s - 20. Calculate w(